 3235.
5, 647
List the prime factors of 3386.
2, 1693
List the prime factors of 97505.
5, 19501
List the prime factors of 30615.
3, 5, 13, 157
List the prime factors of 7347.
3, 31, 79
List the prime factors of 34435.
5, 71, 97
What are the prime factors of 3931?
3931
List the prime factors of 1804.
2, 11, 41
List the prime factors of 11867.
11867
What are the prime factors of 135414?
2, 3, 7523
List the prime factors of 7372.
2, 19, 97
What are the prime factors of 4061?
31, 131
List the prime factors of 1549.
1549
What are the prime factors of 169?
13
What are the prime factors of 6359?
6359
What are the prime factors of 5407?
5407
List the prime factors of 36879.
3, 19, 647
What are the prime factors of 2272?
2, 71
List the prime factors of 88023.
3, 13, 37, 61
List the prime factors of 12844.
2, 13, 19
What are the prime factors of 48329?
31, 1559
What are the prime factors of 14540?
2, 5, 727
List the prime factors of 3100.
2, 5, 31
List the prime factors of 123.
3, 41
What are the prime factors of 1206?
2, 3, 67
What are the prime factors of 63757?
103, 619
List the prime factors of 123717.
3, 11, 23, 163
List the prime factors of 1386.
2, 3, 7, 11
List the prime factors of 1175.
5, 47
What are the prime factors of 2047?
23, 89
What are the prime factors of 13292?
2, 3323
List the prime factors of 976.
2, 61
List the prime factors of 707.
7, 101
List the prime factors of 1895.
5, 379
List the prime factors of 569.
569
List the prime factors of 4137.
3, 7, 197
List the prime factors of 6319.
71, 89
What are the prime factors of 14218?
2, 7109
List the prime factors of 13043.
13043
What are the prime factors of 179291?
7, 3659
What are the prime factors of 6185?
5, 1237
What are the prime factors of 84795?
3, 5, 5653
List the prime factors of 4717.
53, 89
List the prime factors of 1275.
3, 5, 17
What are the prime factors of 18486?
2, 3, 13, 79
List the prime factors of 61523.
7, 11, 17, 47
What are the prime factors of 32101?
47, 683
What are the prime factors of 588?
2, 3, 7
What are the prime factors of 13623?
3, 19, 239
What are the prime factors of 61053?
3, 47, 433
What are the prime factors of 105?
3, 5, 7
List the prime factors of 2090.
2, 5, 11, 19
List the prime factors of 35801.
35801
What are the prime factors of 2046?
2, 3, 11, 31
What are the prime factors of 38411?
71, 541
What are the prime factors of 2824?
2, 353
List the prime factors of 87824.
2, 11, 499
List the prime factors of 18372.
2, 3, 1531
List the prime factors of 38591.
7, 37, 149
List the prime factors of 5860.
2, 5, 293
List the prime factors of 1799.
7, 257
What are the prime factors of 1322?
2, 661
What are the prime factors of 3233?
53, 61
List the prime factors of 23730.
2, 3, 5, 7, 113
What are the prime factors of 79?
79
What are the prime factors of 1873?
1873
What are the prime factors of 21?
3, 7
List the prime factors of 1148.
2, 7, 41
List the prime factors of 10434.
2, 3, 37, 47
What are the prime factors of 5896?
2, 11, 67
What are the prime factors of 453?
3, 151
List the prime factors of 39708.
2, 3, 1103
What are the prime factors of 13291?
13291
What are the prime factors of 15646?
2, 7823
List the prime factors of 63347.
63347
List the prime factors of 87423.
3, 7, 23, 181
What are the prime factors of 61?
61
What are the prime factors of 4703?
4703
What are the prime factors of 11102?
2, 7, 13, 61
What are the prime factors of 775?
5, 31
List the prime factors of 1046.
2, 523
List the prime factors of 8126.
2, 17, 239
What are the prime factors of 6731?
53, 127
List the prime factors of 1101.
3, 367
List the prime factors of 130.
2, 5, 13
What are the prime factors of 569?
569
What are the prime factors of 130?
2, 5, 13
What are the prime factors of 2467?
2467
What are the prime factors of 1249?
1249
What are the prime factors of 769?
769
List the prime factors of 10507.
7, 19, 79
What are the prime factors of 19520?
2, 5, 61
List the prime factors of 6873.
3, 29, 79
What are the prime factors of 1630?
2, 5, 163
List the prime factors of 108626.
2, 7, 7759
List the prime factors of 50086.
2, 79, 317
List the prime factors of 5921.
31, 191
List the prime factors of 1574.
2, 787
What are the prime factors of 17709?
3, 5903
What are the prime factors of 8055?
3, 5, 179
List the prime factors of 3660.
2, 3, 5, 61
What are the prime factors of 46534?
2, 53, 439
List the prime factors of 17168.
2, 29, 37
List the prime factors of 1939.
7, 277
List the prime factors of 47546.
2, 23773
What are the prime factors of 17?
17
What are the prime factors of 168149?
181, 929
List the prime factors of 145130.
2, 5, 23, 631
What are the prime factors of 939?
3, 313
What are the prime factors of 8294?
2, 11, 13, 29
What are the prime factors of 7495?
5, 1499
What are the prime factors of 26019?
3, 7, 59
List the prime factors of 1451.
1451
What are the prime factors of 2467?
2467
List the prime factors of 585.
3, 5, 13
What are the prime factors of 19007?
83, 229
What are the prime factors of 18155?
5, 3631
List the prime factors of 25205.
5, 71
List the prime factors of 15435.
3, 5, 7
What are the prime factors of 948?
2, 3, 79
List the prime factors of 7547.
7547
What are the prime factors of 45328?
2, 2833
What are the prime factors of 1951?
1951
What are the prime factors of 437?
19, 23
What are the prime factors of 6243?
3, 2081
List the prime factors of 31758.
2, 3, 67, 79
List the prime factors of 923.
13, 71
What are the prime factors of 10739?
10739
List the prime factors of 1158.
2, 3, 193
List the prime factors of 151.
151
List the prime factors of 51535.
5, 11, 937
List the prime factors of 1387.
19, 73
What are the prime factors of 1957?
19, 103
What are the prime factors of 1802?
2, 17, 53
List the prime factors of 2964.
2, 3, 13, 19
What are the prime factors of 1111?
11, 101
What are the prime factors of 28835?
5, 73, 79
List the prime factors of 2832.
2, 3, 59
List the prime factors of 64734.
2, 3, 10789
List the prime factors of 75524.
2, 79, 239
What are the prime factors of 843?
3, 281
List the prime factors of 1938.
2, 3, 17, 19
List the prime factors of 5916.
2, 3, 17, 29
List the prime factors of 120436.
2, 30109
What are the prime factors of 1840?
2, 5, 23
List the prime factors of 5433.
3, 1811
List the prime factors of 9753.
3, 3251
What are the prime factors of 10155?
3, 5, 677
What are the prime factors of 2769?
3, 13, 71
What are the prime factors of 10909?
10909
What are the prime factors of 32083?
32083
List the prime factors of 52.
2, 13
What are the prime factors of 8648?
2, 23, 47
What are the prime factors of 44583?
3, 7, 11, 193
What are the prime factors of 900?
2, 3, 5
What are the prime factors of 1377?
3, 17
List the prime factors of 644.
2, 7, 23
List the prime factors of 9446.
2, 4723
What are the prime factors of 31334?
2, 15667
List the prime factors of 1944.
2, 3
List the prime factors of 4120.
2, 5, 103
What are the prime factors of 11327?
47, 241
What are the prime factors of 841?
29
List the prime factors of 54948.
2, 3, 19, 241
List the prime factors of 8115.
3, 5, 541
List the prime factors of 48713.
7, 6959
What are the prime factors of 3027?
3, 1009
List the prime factors of 1286.
2, 643
What are the prime factors of 112?
2, 7
List the prime factors of 756.
2, 3, 7
What are the prime factors of 16010?
2, 5, 1601
List the prime factors of 2532.
2, 3, 211
What are the prime factors of 3346?
2, 7, 239
What are the prime factors of 22594?
2, 11, 13, 79
What are the prime factors of 959?
7, 137
What are the prime factors of 161118?
2, 3, 8951
What are the prime factors of 147531?
3, 49177
List the prime factors of 650.
2, 5, 13
What are the prime factors of 89662?
2, 127, 353
List the prime factors of 904.
2, 113
List the prime factors of 30549.
3, 17, 599
List the prime factors of 49511.
7, 11, 643
List the prime factors of 84665.
5, 7, 41, 59
What are the prime factors of 1594?
2, 797
What are the prime factors of 442?
2, 13, 17
List the prime factors of 1502.
2, 751
List the prime factors of 94486.
2, 7, 17, 397
What are the prime factors of 4059?
3, 11, 41
What are the prime factors of 3132?
2, 3, 29
What are the prime factors of 9290?
2, 5, 929
What are the prime factors of 1700?
2, 5, 17
What are the 